= k**3 - 13*k**2 + 11*k + 26. Let u be j(12). Let l be (-6)/(-63)*3 + 3902/u. Suppose l - 1055 = -4*y. List the prime factors of y.
2, 97
Suppose 8*w - 84727 + 42695 = 204424. List the prime factors of w.
3, 7, 163
Let r(j) = -5681*j + 948. List the prime factors of r(-2).
2, 5, 1231
Let x = -1429 + 4060. Suppose 465 = -2*c + x. List the prime factors of c.
3, 19
Suppose q = -q - 4*a + 68, 2*q - a - 43 = 0. What are the prime factors of 9276/q - 5/(-10)?
3, 43
Suppose 2*i - 4*w = 9 - 1, 3*i + w + 2 = 0. Suppose -7*y + 10*y + 4*m - 3196 = i, -3*y + 4*m = -3236. What are the prime factors of y?
2, 67
Suppose 378*f - 303 = 377*f. Let n = 838 + f. List the prime factors of n.
7, 163
Suppose -8*v + 36 = 20. What are the prime factors of (-8)/(-3)*18*v?
2, 3
Let i = -41018 + 61409. List the prime factors of i.
3, 7, 971
Let i be ((-240)/(-9))/(-2)*-12*7. Suppose -3*x = x + 3*a - 931, -5*x + 5*a = -i. What are the prime factors of x?
229
Let x = 8 - 6. Let c(h) = -5*h - x*h - 47 - 7*h + 11*h + h**2. List the prime factors of c(14).
107
Let m(v) = 6*v**2 - 10*v - 1. Let j(a) = 7*a**2 - 11*a - 1. Let c(h) = 7*j(h) - 6*m(h). List the prime factors of c(-5).
409
Suppose -13*g = -9*g - 844. Suppose -g + 31 = 6*j. List the prime factors of ((-58)/(-6))/((-2)/j).
5, 29
Suppose -b = -t - 8, 55*t - 56*t = b. Let z = 39 + -28. List the prime factors of (42/z - b) + 112/11.
2, 5
Suppose 4*a - 90 = 2*g, -4*a = 3*g - 131 + 16. Suppose -71 + 3046 = a*u. What are the prime factors of u?
7, 17
What are the prime factors of -9 + 30779/7 - -10?
2, 3, 733
Suppose -2*i + i = -6. Suppose 8 = i*m - 16. Suppose m*f + 27 = 5*w - 0*f, 5*f - 10 = 0. What are the prime factors of w?
7
Let z(k) = -8*k + 54. Let s be z(12). Let p = -50 - s. List the prime factors of 1486/8 - 2/p.
2, 3, 31
Let v(u) = -2*u**3 - 139*u**2 - 37*u - 221. What are the prime factors of v(-70)?
3, 2423
List the prime factors of 16851 - (-3 - (14 - 26)).
2, 3, 7, 401
Suppose -12 = 2*y - 26. Let s(z) = z**3 - 4*z**2 - 4*z + 40. What are the prime factors of s(y)?
3, 53
Suppose 3*x + 4 = 2*x. Let l(j) = -3*j**3 - 4*j**2 + 4*j + 5. Let r be l(x). Suppose -r - 108 = -5*d. List the prime factors of d.
3, 5
Let m = 4757 - 1123. List the prime factors of m.
2, 23, 79
Suppose 286*o = 3*k + 289*o - 108105, -2*o - 144122 = -4*k. What are the prime factors of k?
2, 563
Let z(b) = -8*b**2 + 6*b + 5. Let h be z(-2). Let q = 449 - h. What are the prime factors of q?
2, 61
Suppose -9*s + 718 = -7*s. Let b = -515 + 1574. Suppose 5*q + s = b. What are the prime factors of q?
2, 5, 7
Suppose 0 = 5*h - 3*w - 0*w - 42, -3*h = -5*w - 38. Let u be -2 + 0 + h + 0. Suppose u*k = 5*z - 9 - 208, -3*k = -6. List the prime factors of z.
3, 5
Let i be (2/4)/((-6)/(-153420)). Suppose 6553 + i = 22*y. List the prime factors of y.
3, 293
Suppose -139*f = -27*f - 5671680. What are the prime factors of f?
2, 3, 5, 211
Let n be (-454)/3 + (-2)/(-6). Suppose -4*v = 2*j + 508, -13*j - v - 1234 = -8*j. Let b = n - j. List the prime factors of b.
5, 19
Let v = 5909 - -1971. List the prime factors of v.
2, 5, 197
Let a = 696 + -353. Let x be 11/(0 - (-54)/51 - 1). Let r = a - x. What are the prime factors of r?
2, 3, 13
Let d(s) = -s**2 + 6*s + 4. Let x be d(6). Let k be 0*1/x*1. Suppose -231 = -3*j - k*j. What are the prime factors of j?
7, 11
Let x(m) = 65*m + 1579. What are the prime factors of x(27)?
2, 1667
Let h = 255 - 39. Let u = h + 162. What are the prime factors of u?
2, 3, 7
Let c = 41 - 38. Suppose 0*m + 154 = 5*m - f, -c*m = -2*f - 91. Let v = m + 1. List the prime factors of v.
2
Let u(s) be the third derivative of -s**5/60 + s**4/4 + s**3/2 - 6*s**2. Let q be u(-2). Let g = q - -95. List the prime factors of g.
2, 41
Let w = -6218 - -7555. List the prime factors of w.
7, 191
Let v be (-6)/6 + (-2 - -3). Suppose -4*a + 10 = 5*m - v*a, 0 = -4*m - 2*a + 2. What are the prime factors of (24/24)/(m/(-18))?
3
Suppose -y = 3*y + 16. Let x be 1/(y/(-60)*5). Suppose x*g + 5*r - 73 = 61, -5*g + 5*r + 250 = 0. List the prime factors of g.
2, 3
Let h = 3290 + -245. List the prime factors of h.
3, 5, 7, 29
Suppose -4*j = -4*s + 4 - 24, 5*s = -4*j + 20. Suppose 0 = -0*a + 2*a + j*v - 209, 4*v + 164 = 2*a. Let i = 141 - a. What are the prime factors of i?
7
Let v = 46 + -43. Suppose v*a = a + 144. Suppose -4*y = -492 + a. List the prime factors of y.
3, 5, 7
Suppose 5*r - 1711 = 3*q, 3*q - r = -0*r - 1727. Let n = q - -319. List the prime factors of n/(-2)*(-32)/(-48).
2, 43
Suppose -10 = -4*s + 6*s. List the prime factors of (101 + s)*90/8.
2, 3, 5
Suppose -8*f + 237503 = -49791 - 25882. What are the prime factors of f?
3, 13049
Suppose -15*g - 27919 = -106564. What are the prime factors of g?
7, 107
Let a(j) = -41*j + 15. Let x be a(3). Let z = -100 - x. What are the prime factors of (62/z - -2)/((-3)/(-8))?
2, 13
Let w(m) = 109*m - 44. Let j(q) = -113*q + 45. Let s(c) = -2*j(c) - 3*w(c). List the prime factors of s(-3).
3, 5, 23
Let z = 21 + -45. Let q = -22 - z. Suppose -a = -35 + q. What are the prime factors of a?
3, 11
Let a(v) = -23*v - 3. Let m be a(-3). Let y be 2/(25/(-20) + 1). What are the prime factors of (y/(-3))/(2/m)?
2, 11
Let k = 45611 + -22927. What are the prime factors of k?
2, 53, 107
Let i = -43 - 28. Let b = i - -114. List the prime factors of b.
43
Let g = 50 - 45. Let h = g - 29. List the prime factors of h/8*78/(-2).
3, 13
Let n(c) be the first derivative of 217*c**2/2 + 48*c + 138. What are the prime factors of n(3)?
3, 233
Suppose 108*c + 36*c - 12034953 = -45*c. List the prime factors of c.
37, 1721
Let t be ((-4)/(-5))/((-6)/15). Let g be (t/((-12)/86))/(2/36). Let a = g + -86. What are the prime factors of a?
2, 43
Let p = 16719 + -7209. What are the prime factors of p?
2, 3, 5, 317
Suppose -5*f + 740 = -3*a + 8*a, -724 = -5*f - a. Let x = 166 - f. List the prime factors of x.
2, 11
Let h(z) = 1930*z + 1058. List the prime factors of h(4).
2, 3, 7, 11, 19
Let x be (-38)/(1/((-5)/10)). Suppose 0 = l - x + 3. List the prime factors of (-8)/(8/(-3)) + l.
19
Let z(n) = -21 + 28*n**2 - 3*n**2 - 35*n + 57*n - 18*n. What are the prime factors of z(-4)?
3, 11
Suppose 173 = -k - 3*z + 666, -2*z = -k + 508. Let f = k + -277. List the prime factors of f.
3, 5
Suppose -12*p = o - 11*p - 13560, 2*o = 2*p + 27112. What are the prime factors of o?
2, 6779
Let h = 4172 + -2612. Suppose 33*c - 23*c = h. What are the prime factors of c?
2, 3, 13
Let y = 35831 + -25274. List the prime factors of y.
3, 17, 23
Let t(y) be the third derivative of y**5/60 - y**4/8 - 19*y**3/3 - 8*y**2 + 4*y. List the prime factors of t(-19).
2, 5, 19
Let c be (0 - (-6)/3)*(4 + 10). Suppose 55*v = c*v + 4941. List the prime factors of v.
3, 61
List the prime factors of (6/(-6))/(2/5338*-1).
17, 157
Let u = -4 + 19. Let f be (u/(-30))/((-1)/4). Suppose f*y - 45 - 81 = 0. List the prime factors of y.
3, 7
Let a = -47 + 27. Let s be (2 + 16)*(-3 + a/(-6)). Suppose k = s*k + g - 315, 5*g = k - 37. List the prime factors of k.
2, 31
Let h be (-581)/(-119) + -5 + (-87)/(-17). Suppose 2*y - 5*f = -f, 0 = -h*y - 2*f - 24. List the prime factors of (-8)/y + 5/(10/84).
2, 11
Suppose 11*c = 15*c. Suppose c = 6*x - 153 - 27. List the prime factors of 2725/x - (-5)/30.
7, 13
Suppose 13*i - 45*i + 206755 = -176669. What are the prime factors of i?
2, 3, 1997
Let w = -35 + 32. Let y(f) = 2*f**3 + 11*f**2 + 8*f + 8. Let p(b) = 3*b**3 + 12*b**2 + 7*b + 7. Let s(i) = w*p(i) + 4*y(i). What are the prime factors of s(9)?
29
Let u = 153920 - 93311. List the prime factors of u.
3, 89, 227
Suppose 31422 = 5*o - 2*p, -4*o - 13*p = -9*p - 25132. List the prime factors of o.
2, 1571
Let z = -649 + 10949. What are the prime factors of z?
2, 5, 103
Let z be (4/7 - 1) + 144/(-56). Suppose -9*p - 979 = 2*p. What are the prime factors of p/z + 3 + (-8)/3?
2, 3, 5
Let g = 60 + -51. Suppose g = 33*n - 30*n. List the prime factors of n.
3
Suppose -1525984 = -3*o - 18*o - 22*o. What are the prime factors of o?
2, 1109
Suppose -11*f + 10801 = -39106. What are the prime factors of f?
13, 349
List the prime factors of -11754*(-1 + 6 + 44/(-8)).
3, 653
Suppose -4*b - 1053 = -3*o, 10*o = 5*o + 3*b + 1744. Suppose o*j = 344*j + 2331. What are the prime factors of j?
3, 7, 37
List the pr